f 1326244.
2, 131, 2531
What are the prime factors of 2456281?
113, 21737
What are the prime factors of 1935951?
3, 37, 107, 163
What are the prime factors of 429283?
429283
List the prime factors of 287938.
2, 7, 131, 157
List the prime factors of 6394820.
2, 5, 47, 6803
What are the prime factors of 474510?
2, 3, 5, 15817
What are the prime factors of 81762?
2, 3, 13627
What are the prime factors of 10154894?
2, 5077447
What are the prime factors of 679370?
2, 5, 41, 1657
What are the prime factors of 17557906?
2, 17, 37, 821
List the prime factors of 4111149.
3, 7, 27967
List the prime factors of 707668.
2, 13, 31, 439
What are the prime factors of 110901?
3, 7, 5281
What are the prime factors of 1750142?
2, 241, 3631
What are the prime factors of 4699468?
2, 59, 19913
What are the prime factors of 2063333?
179, 11527
What are the prime factors of 831989?
367, 2267
List the prime factors of 693887.
23, 30169
List the prime factors of 2870515.
5, 23, 109, 229
What are the prime factors of 368009?
379, 971
What are the prime factors of 540602?
2, 137, 1973
List the prime factors of 1421652.
2, 3, 118471
What are the prime factors of 9478475?
5, 37, 10247
List the prime factors of 469205.
5, 11, 19, 449
What are the prime factors of 995504?
2, 62219
List the prime factors of 7892342.
2, 89, 101, 439
List the prime factors of 177270.
2, 3, 5, 19, 311
List the prime factors of 3150877.
3150877
What are the prime factors of 7149562?
2, 7, 510683
What are the prime factors of 2964833?
41, 72313
List the prime factors of 20278019.
23, 67, 13159
List the prime factors of 2315847.
3, 23, 33563
What are the prime factors of 3920977?
3920977
What are the prime factors of 12362350?
2, 5, 7, 11, 13, 19
List the prime factors of 96502.
2, 7, 61, 113
What are the prime factors of 553169?
277, 1997
List the prime factors of 41931.
3, 1553
What are the prime factors of 10985903?
10985903
What are the prime factors of 693525?
3, 5, 7, 1321
List the prime factors of 26103077.
7, 11, 13, 89, 293
What are the prime factors of 27250101?
3, 23, 14627
List the prime factors of 30837444.
2, 3, 11, 233617
What are the prime factors of 1086629?
19, 57191
What are the prime factors of 2506425?
3, 5, 23, 1453
What are the prime factors of 131449?
131449
What are the prime factors of 2490491?
29, 157, 547
What are the prime factors of 13578739?
97, 139987
What are the prime factors of 820711?
820711
What are the prime factors of 196245?
3, 5, 7, 89
List the prime factors of 3346112.
2, 7, 11, 97
List the prime factors of 868958.
2, 434479
List the prime factors of 258916.
2, 7, 1321
List the prime factors of 246759.
3, 83, 991
What are the prime factors of 17561186?
2, 8780593
List the prime factors of 1322860.
2, 5, 7, 11, 859
What are the prime factors of 1342313?
7, 233, 823
List the prime factors of 21914211.
3, 11, 664067
What are the prime factors of 313907?
11, 28537
List the prime factors of 1632424.
2, 419, 487
List the prime factors of 661516.
2, 165379
What are the prime factors of 126349?
126349
What are the prime factors of 2208559?
2208559
List the prime factors of 1135327.
1135327
What are the prime factors of 946708?
2, 7, 33811
What are the prime factors of 138984?
2, 3, 5791
List the prime factors of 4375975.
5, 175039
What are the prime factors of 7678724?
2, 73, 26297
What are the prime factors of 2043633?
3, 557, 1223
List the prime factors of 8477150.
2, 5, 11, 15413
List the prime factors of 122453.
122453
What are the prime factors of 1684762?
2, 47, 17923
What are the prime factors of 775063?
775063
What are the prime factors of 494426?
2, 233, 1061
What are the prime factors of 7200180?
2, 3, 5, 13, 17, 181
What are the prime factors of 9054033?
3, 47, 157, 409
What are the prime factors of 2606090?
2, 5, 260609
What are the prime factors of 325403?
13, 25031
What are the prime factors of 429661?
429661
What are the prime factors of 691828?
2, 19, 9103
List the prime factors of 731013.
3, 243671
List the prime factors of 947150.
2, 5, 19, 997
List the prime factors of 3186034.
2, 19, 83843
What are the prime factors of 3110818?
2, 1555409
What are the prime factors of 1259441?
29, 137, 317
List the prime factors of 126182.
2, 7, 9013
What are the prime factors of 135869?
19, 7151
What are the prime factors of 16058480?
2, 5, 200731
What are the prime factors of 917710?
2, 5, 91771
List the prime factors of 6081619.
29, 43, 4877
What are the prime factors of 9055977?
3, 7, 431237
List the prime factors of 970891.
29, 33479
What are the prime factors of 281413?
11, 25583
What are the prime factors of 441012?
2, 3, 11, 13, 257
List the prime factors of 835343.
293, 2851
What are the prime factors of 3532007?
3532007
What are the prime factors of 139080?
2, 3, 5, 19, 61
List the prime factors of 4304218.
2, 89, 24181
List the prime factors of 287002.
2, 143501
List the prime factors of 36033688.
2, 4504211
List the prime factors of 3678247.
3678247
List the prime factors of 2948131.
31, 95101
What are the prime factors of 275087?
275087
What are the prime factors of 1693266?
2, 3, 241, 1171
List the prime factors of 1332655.
5, 179, 1489
What are the prime factors of 405399?
3, 17, 7949
What are the prime factors of 1365166?
2, 11, 62053
List the prime factors of 12667166.
2, 1583, 4001
What are the prime factors of 232525?
5, 71, 131
What are the prime factors of 774649?
19, 40771
What are the prime factors of 2412876?
2, 3, 201073
List the prime factors of 1381367.
13, 59, 1801
List the prime factors of 807565.
5, 11, 14683
What are the prime factors of 3932628?
2, 3, 7, 46817
List the prime factors of 483471.
3, 53719
List the prime factors of 116038.
2, 13, 4463
List the prime factors of 20492144.
2, 1280759
List the prime factors of 502037.
19, 26423
List the prime factors of 370715.
5, 74143
What are the prime factors of 10058000?
2, 5, 47, 107
List the prime factors of 6625070.
2, 5, 17, 38971
List the prime factors of 611471.
7, 12479
What are the prime factors of 620148?
2, 3, 51679
What are the prime factors of 1001019?
3, 333673
List the prime factors of 1185642.
2, 3, 199, 331
What are the prime factors of 2209?
47
What are the prime factors of 1505584?
2, 94099
What are the prime factors of 273150?
2, 3, 5, 607
What are the prime factors of 278855?
5, 43, 1297
List the prime factors of 513097.
13, 29, 1361
What are the prime factors of 5016893?
7, 19, 67, 563
List the prime factors of 4839208.
2, 11, 127, 433
What are the prime factors of 40573?
13, 3121
What are the prime factors of 131?
131
List the prime factors of 194369.
7, 27767
List the prime factors of 1242867.
3, 37, 11197
List the prime factors of 133752.
2, 3, 5573
List the prime factors of 2021697.
3, 224633
What are the prime factors of 8130287?
11, 739117
What are the prime factors of 46785?
3, 5, 3119
List the prime factors of 4737536.
2, 19, 487
List the prime factors of 463430.
2, 5, 11, 383
What are the prime factors of 5979?
3, 1993
What are the prime factors of 183788?
2, 11, 4177
What are the prime factors of 15481639?
89, 197, 883
What are the prime factors of 3035346?
2, 3, 521, 971
List the prime factors of 2557289.
7, 365327
What are the prime factors of 1469642?
2, 389, 1889
What are the prime factors of 11695915?
5, 7, 11, 17, 1787
What are the prime factors of 5039402?
2, 181, 13921
List the prime factors of 5676030.
2, 3, 5, 63067
What are the prime factors of 4970037?
3, 1656679
List the prime factors of 7474663.
7, 29, 36821
List the prime factors of 6003797.
6003797
List the prime factors of 285083.
97, 2939
List the prime factors of 17739627.
3, 131, 45139
List the prime factors of 127092.
2, 3, 7, 17, 89
List the prime factors of 248991.
3, 82997
List the prime factors of 145385.
5, 29077
What are the prime factors of 177864?
2, 3, 7411
What are the prime factors of 2139283?
2139283
What are the prime factors of 684453?
3, 7, 11, 2963
What are the prime factors of 26407?
26407
What are the prime factors of 159785?
5, 31957
What are the prime factors of 663827?
663827
What are the prime factors of 2886427?
67, 643
What are the prime factors of 2122037?
41, 73, 709
What are the prime factors of 1266174?
2, 3, 7, 13, 773
List the prime factors of 6872